ose 2 = -k + o, -29 = -3*f + 5*k. Calculate the greatest common factor of u and f.
9
Suppose -5*d = -1 - 14. Suppose -27 = 3*n - d*m, 5*n - 2*m - 8 = -56. Let k be ((-8)/n)/((-3)/(-105)). What is the highest common factor of k and 14?
14
Suppose 0 = -3*w + 2 + 1, -5*d - 2*w = -17. Suppose 0 = d*u - 162 - 174. What is the greatest common factor of 16 and u?
16
Let h be ((-12)/(-30))/(1/5). Calculate the highest common factor of 4 and h.
2
Suppose 3*f - 3*h - 5 = -2*h, 3*h = f + 9. Suppose o + 12 = f*o. Let k = 27 - o. What is the highest common factor of k and 147?
21
Suppose -2*r - 2*r + 3*y + 99 = 0, -4*r - 3*y + 93 = 0. Calculate the highest common factor of r and 24.
24
Let l be 2212/20 + 10/25. Let v = -11 + l. Calculate the greatest common divisor of 40 and v.
20
Suppose -x + k = -3 - 9, -3*x - 5*k = -68. What is the greatest common factor of x and 48?
16
Let j(h) = 6*h + 12. Let c(y) = y**2 - 2*y - 6. Let z be c(5). Let g be j(z). Suppose 12 = 3*f - g. Calculate the highest common factor of f and 65.
13
Let v be -7 + 4/8*-4. Let g(p) = -2*p - 17. Let z be g(v). What is the highest common divisor of z and 1?
1
Let s(p) = 15*p**2 - p - 1. Suppose 0 = 3*i + 4 - 1. Let h be s(i). Suppose -7*z + 12*z = 30. Calculate the highest common factor of h and z.
3
Suppose 3*q = c + 61, 2*q = -5*c - 31 + 83. Suppose 2*v + 68 = 3*i - 0*v, v = i - q. Calculate the highest common divisor of 65 and i.
13
Let o(c) = 8*c. Let m be o(-4). Let k = m + 47. Let f = k + -5. Calculate the highest common factor of 20 and f.
10
Suppose f = -f + 140. Let v(c) = c**3 + 9*c**2 - c + 19. Let w be v(-9). Calculate the highest common divisor of f and w.
14
Suppose 5*k = 4*j - 15, k + 7 = 2*j + 4. Let r be (-2 - 0) + 60 + k. Let n be 10/1 - (0 + -1). What is the greatest common factor of r and n?
11
Suppose u - 5*u = 3*o - 50, 2 = -2*u. Calculate the highest common factor of 27 and o.
9
Let i be ((-13)/3)/((-14)/42). Calculate the greatest common factor of 104 and i.
13
Let s be (1 - -43)*(-2)/4. Let y be 2/11 + (-1272)/s. Suppose m - 3*c = 18, -3*c = -5*m - 4*c + y. Calculate the greatest common divisor of 24 and m.
12
Let r = 6 + -1. What is the highest common factor of r and 5?
5
Suppose y + 51 = 243. What is the greatest common factor of 24 and y?
24
Suppose -2*t + t = -60. Suppose 0 = -2*a - 2*o + o + 50, -4*a + 86 = -5*o. Calculate the greatest common factor of a and t.
12
Let q = 98 - 54. Suppose -2*d + d + 11 = 0. What is the highest common factor of d and q?
11
Let p be 1/(-4)*2*-10. Suppose 0 = b + 3*m + p, 6 + 4 = 4*b + 2*m. What is the highest common divisor of b and 4?
4
Let p(j) = j**2 - 43. Let o be p(8). What is the greatest common factor of 21 and o?
21
Let n(l) = 2*l. Let w be n(-1). Let j be 8/8 - 5*w. What is the greatest common divisor of 55 and j?
11
Let z = 270 - 8. Let a = z + -174. Calculate the greatest common divisor of a and 22.
22
Suppose -343 = 10*y - 11*y. What is the highest common factor of 49 and y?
49
Let k = -55 - -86. Calculate the highest common factor of k and 93.
31
Suppose -2 = -2*h + h. Suppose 4*t = 16, -2*f - h*t = -7*f + 312. Let u = -7 - -15. What is the greatest common divisor of f and u?
8
Let v be -1*((-3)/3*6 + 3). What is the highest common factor of v and 3?
3
Suppose -295 = 2*f - 6*f + 3*u, -4*u = 2*f - 120. Calculate the greatest common divisor of 28 and f.
14
Suppose 0 = -0*n - 3*n + 108. Suppose 71*f + 60 = 76*f. Calculate the greatest common divisor of f and n.
12
Suppose 0 = -t - o - 3, -4*o = -3*o + 5. What is the highest common factor of 4 and t?
2
Let q = 19 - 12. Let a = -3 - -10. What is the highest common factor of a and q?
7
Let r(s) = 2*s + 88. Let c be r(0). Calculate the highest common divisor of c and 11.
11
Let f be 0/(-2) + 3/1. Suppose 0 = -0*k - f*k + 180. What is the greatest common divisor of 15 and k?
15
Suppose 0 = -p - 4, -4*x + 5*p + 10 = -14. Let z be 9*4/4 + x. Calculate the highest common divisor of z and 4.
2
Suppose -2*i + 5*a = -403, 5*i - 970 = 3*a + 2*a. Suppose -108 = -5*o - 0*v + 3*v, 3*v = 4*o - 87. Calculate the greatest common factor of i and o.
21
Suppose 6*k - 6 = 4*k. Suppose -a + 13 = 4. Calculate the highest common divisor of k and a.
3
Suppose -38 - 2 = -2*n. Suppose -2*z - 1 = 3*m, 5 = -0*z - z - 3*m. What is the highest common factor of z and n?
4
Let i = 485 - 327. Suppose i + 67 = 5*d. Suppose -2*r = a - 15 - 0, -5*a - 15 = 0. Calculate the greatest common divisor of d and r.
9
Let t(i) = i**2 + 4*i + 7. Let k be t(5). Calculate the greatest common factor of 4 and k.
4
Let k be 4 - (-2 + 2 + 2). Let m(s) be the third derivative of s**5/12 - s**4/12 + 2*s**2. Let b be m(2). What is the greatest common factor of b and k?
2
Let n(r) = -10 - 8*r - 3 - 5*r + 5*r + r**3 - 9*r**2. Let c be n(10). What is the greatest common factor of c and 14?
7
Let n(t) = -t + 8. Let f be n(-11). What is the highest common factor of f and 171?
19
Suppose j + 11 + 27 = -4*u, 2*j = 4. Let z be 2/15*-3*u. Suppose 5*c + 28 - 130 = a, -c = z*a - 33. What is the highest common factor of c and 7?
7
Let s(j) = -2*j**3 - 2*j**2 - 5*j + 6. Let u be s(-5). What is the greatest common factor of u and 21?
21
Let p = 11 + 161. Suppose 0 = 5*q - 7*q - p. Let n = 240 + q. Calculate the greatest common divisor of 14 and n.
14
Suppose 549 = 7*c - 1530. What is the highest common factor of c and 27?
27
Let r(m) = m + 12. Let p be r(-5). Suppose -4*k + 22 = 2*d + d, 10 = d + 2*k. Suppose -s + d = s. Calculate the highest common divisor of p and s.
1
Let v be (-5*(-18)/15)/(15/100). What is the greatest common divisor of 8 and v?
8
Suppose 2*c + 2*c - 220 = 0. Suppose 0*g - 4*g + 16 = 0. Suppose g*z - 2*b - 78 = 0, -z + 3*z - 4*b - 24 = 0. What is the greatest common factor of c and z?
11
Let h be (6 + -2)*1/2. Suppose 2*j - 5*u = 16, 2*j + 2*j + 5*u = 2. What is the highest common divisor of h and j?
1
Let a = 120 - 114. What is the highest common divisor of 102 and a?
6
Let c(n) = 8*n**3 - 2*n. Let r be c(2). Calculate the greatest common factor of 6 and r.
6
Let k(l) = l**3 + 52. Let h be k(0). Let v(n) = 15*n - 2. Let x be v(1). What is the highest common factor of h and x?
13
Let q(m) = 5*m + 4. Let h be q(5). Suppose 2*r - z - h = 0, 4*z = 4*r - 10 - 46. What is the greatest common divisor of 75 and r?
15
Let s(u) = -u**2 - 7*u + 3. Let f be s(-6). Calculate the greatest common factor of f and 54.
9
Let n = 217 - -71. Suppose -3*f + n = 4*i - 0*i, -2*f + 5*i = -192. What is the greatest common factor of f and 12?
12
Let h be (-2 + 12/2)*(-15)/(-10). Calculate the highest common factor of 9 and h.
3
Let o be (-2 - -3)*(1 + 1). Let r be 9 + 2/(-2)*1. Let y(c) = -c**3 + 7*c**2 + 9*c - 7. Let q be y(r). Calculate the greatest common divisor of q and o.
1
Let h(l) = -l**3 - l**2 - l + 9. Suppose -x + 4*s = -12, s = -3*s - 12. Let k be h(x). Calculate the greatest common divisor of 36 and k.
9
Let p = 12 - 10. What is the greatest common factor of 8 and p?
2
Let x(p) = 3*p**3 - p**2 + 4*p - 3. Let d be x(2). Calculate the greatest common divisor of 25 and d.
25
Let a(o) = -o**2 - 11*o - 2. Let f be a(-6). What is the highest common factor of f and 14?
14
Let s be 1629/27 - (-2)/(-6). What is the greatest common factor of s and 40?
20
Let q(t) be the first derivative of t**2 - 12*t - 4. Let h be q(8). What is the greatest common divisor of 32 and h?
4
Let d be (-4)/(-10)*(-50)/(-1). Let v = -7 + 10. Suppose -55 = -m + t, -t + 67 = v*m - 78. Calculate the greatest common divisor of d and m.
10
Suppose d - 2*d = -9. What is the greatest common factor of 6 and d?
3
Let n be 7*(-4)/(-6)*(-90)/(-35). Calculate the highest common divisor of n and 4.
4
Let d be 1027/52 - (-2)/8. Calculate the greatest common factor of 140 and d.
20
Let d = 180 + -116. What is the highest common divisor of d and 8?
8
Let l = -80 - -112. Calculate the highest common factor of 32 and l.
32
Let x = -23 - -37. Calculate the greatest common factor of x and 21.
7
Suppose -2*w - w + 34 = k, -k = -w + 14. Calculate the highest common factor of 12 and w.
12
Suppose 4*j + 56 = -0*j. Let a = -11 - j. What is the greatest common factor of a and 2?
1
Suppose 0*m + 4*m = -4. Suppose 5 = 5*r - 4*r - 4*h, 5*h + 1 = -4*r. Let f be r - (357/m)/3. What is